e prime factors of 1776719?
7, 53, 4789
What are the prime factors of 4428121?
19, 23, 10133
List the prime factors of 614197.
251, 2447
What are the prime factors of 622446?
2, 3, 11, 9431
What are the prime factors of 916457?
916457
What are the prime factors of 2587641?
3, 7, 29, 607
What are the prime factors of 2181556?
2, 13, 41953
List the prime factors of 2936769.
3, 11, 88993
What are the prime factors of 228221?
7, 32603
List the prime factors of 4916407.
79, 62233
What are the prime factors of 307859?
307859
What are the prime factors of 16018713?
3, 1779857
What are the prime factors of 3006805?
5, 37, 16253
What are the prime factors of 2787445?
5, 557489
List the prime factors of 2140982.
2, 1070491
List the prime factors of 495770.
2, 5, 11, 4507
List the prime factors of 180910.
2, 5, 79, 229
What are the prime factors of 244182?
2, 3, 40697
List the prime factors of 476772.
2, 3, 67, 593
What are the prime factors of 37779426?
2, 3, 317, 2207
What are the prime factors of 187740?
2, 3, 5, 7, 149
List the prime factors of 3068839.
3068839
What are the prime factors of 133243?
11, 12113
List the prime factors of 350242.
2, 37, 4733
What are the prime factors of 2367106?
2, 7, 169079
What are the prime factors of 460122?
2, 3, 13, 17, 347
What are the prime factors of 6194380?
2, 5, 19, 16301
List the prime factors of 4312988.
2, 1078247
What are the prime factors of 509481?
3, 7, 8087
What are the prime factors of 18160?
2, 5, 227
What are the prime factors of 88721?
88721
List the prime factors of 1258640.
2, 5, 15733
What are the prime factors of 8419?
8419
List the prime factors of 231506.
2, 11, 17, 619
List the prime factors of 13249339.
13249339
List the prime factors of 4906228.
2, 1226557
List the prime factors of 10667205.
3, 5, 223, 1063
What are the prime factors of 243868?
2, 41, 1487
What are the prime factors of 1252773?
3, 46399
What are the prime factors of 409862?
2, 204931
List the prime factors of 18972102.
2, 3, 17, 23, 8087
List the prime factors of 34406218.
2, 7, 11, 31, 7207
What are the prime factors of 131629?
23, 59, 97
What are the prime factors of 234480?
2, 3, 5, 977
What are the prime factors of 4724403?
3, 337, 4673
List the prime factors of 4555278.
2, 3, 7, 13, 103
What are the prime factors of 172083?
3, 19, 3019
List the prime factors of 2760529.
19, 23, 6317
List the prime factors of 1628376.
2, 3, 19, 3571
List the prime factors of 1084004.
2, 457, 593
List the prime factors of 189695.
5, 11, 3449
List the prime factors of 246686.
2, 11, 11213
What are the prime factors of 15762176?
2, 23, 2677
List the prime factors of 127374.
2, 3, 13, 23, 71
List the prime factors of 667673.
667673
List the prime factors of 577178.
2, 7, 41227
What are the prime factors of 2051682?
2, 3, 341947
What are the prime factors of 3295196?
2, 823799
List the prime factors of 8567818.
2, 7, 29, 47, 449
What are the prime factors of 26955768?
2, 3, 7, 281, 571
What are the prime factors of 57029?
7, 8147
What are the prime factors of 322167?
3, 17, 6317
List the prime factors of 4623179.
11, 157, 2677
List the prime factors of 250789.
7, 11, 3257
List the prime factors of 204276.
2, 3, 29, 587
List the prime factors of 8659.
7, 1237
List the prime factors of 11399213.
7, 59, 3943
What are the prime factors of 6305443?
6305443
What are the prime factors of 5681221?
7, 13, 149, 419
What are the prime factors of 3341246?
2, 1670623
List the prime factors of 2747554.
2, 1373777
What are the prime factors of 3910662?
2, 3, 7, 41, 757
List the prime factors of 5752806.
2, 3, 23, 41687
What are the prime factors of 1081000?
2, 5, 23, 47
List the prime factors of 114594.
2, 3, 71, 269
What are the prime factors of 12702781?
7, 13, 139591
List the prime factors of 102362.
2, 13, 31, 127
What are the prime factors of 260678?
2, 11, 17, 41
What are the prime factors of 1201034?
2, 600517
What are the prime factors of 44173?
163, 271
What are the prime factors of 4774329?
3, 7, 25261
List the prime factors of 272456.
2, 34057
List the prime factors of 151706.
2, 75853
List the prime factors of 407695.
5, 67, 1217
What are the prime factors of 289114?
2, 7, 107, 193
What are the prime factors of 1083010?
2, 5, 108301
What are the prime factors of 514479?
3, 7, 24499
What are the prime factors of 2205544?
2, 11, 71, 353
List the prime factors of 252711.
3, 43, 653
What are the prime factors of 514364?
2, 128591
What are the prime factors of 13806199?
11, 1255109
List the prime factors of 1314470.
2, 5, 131447
List the prime factors of 1016494.
2, 419, 1213
What are the prime factors of 891507?
3, 297169
List the prime factors of 399066.
2, 3, 227, 293
What are the prime factors of 707685?
3, 5, 11, 4289
List the prime factors of 1403952.
2, 3, 11, 2659
What are the prime factors of 242505?
3, 5, 17, 317
What are the prime factors of 3372506?
2, 827, 2039
List the prime factors of 7060623.
3, 797, 2953
What are the prime factors of 1201475?
5, 11, 17, 257
What are the prime factors of 652391?
503, 1297
List the prime factors of 4006600.
2, 5, 13, 23, 67
List the prime factors of 2845443.
3, 17, 55793
List the prime factors of 22701375.
3, 5, 17, 1187
List the prime factors of 34148.
2, 8537
List the prime factors of 9655958.
2, 13, 371383
List the prime factors of 1401351.
3, 7, 9533
What are the prime factors of 5947452?
2, 3, 7, 7867
List the prime factors of 923009.
167, 5527
What are the prime factors of 51763?
37, 1399
What are the prime factors of 1328943?
3, 7, 11, 523
What are the prime factors of 444837?
3, 148279
List the prime factors of 4536082.
2, 61, 37181
List the prime factors of 10355354.
2, 769, 6733
What are the prime factors of 233328?
2, 3, 4861
What are the prime factors of 135485?
5, 7, 79
List the prime factors of 504207.
3, 11, 463
What are the prime factors of 2395873?
2395873
List the prime factors of 3029735.
5, 605947
List the prime factors of 137088.
2, 3, 7, 17
List the prime factors of 346049.
11, 163, 193
What are the prime factors of 7008449?
7, 31, 32297
List the prime factors of 500671.
500671
List the prime factors of 453933.
3, 31, 1627
List the prime factors of 18232380.
2, 3, 5, 199, 509
What are the prime factors of 4536020?
2, 5, 337, 673
What are the prime factors of 11531218?
2, 449, 12841
What are the prime factors of 483043?
11, 43913
List the prime factors of 350399.
7, 7151
List the prime factors of 19837747.
59, 83, 4051
What are the prime factors of 7739381?
13, 139, 4283
List the prime factors of 817249.
29, 28181
What are the prime factors of 6214436?
2, 61, 25469
What are the prime factors of 1935320?
2, 5, 48383
List the prime factors of 23304472.
2, 71, 89, 461
What are the prime factors of 29801?
17, 1753
What are the prime factors of 920118?
2, 3, 153353
What are the prime factors of 37155853?
7, 5307979
List the prime factors of 8152509.
3, 29, 83, 1129
What are the prime factors of 7490987?
7, 41, 43, 607
List the prime factors of 2836786.
2, 89, 15937
List the prime factors of 404136.
2, 3, 1871
List the prime factors of 480447.
3, 11, 23, 211
List the prime factors of 83330.
2, 5, 13, 641
List the prime factors of 1007574.
2, 3, 307, 547
What are the prime factors of 374061?
3, 67, 1861
List the prime factors of 1333534.
2, 19, 1847
What are the prime factors of 1699145?
5, 7, 43, 1129
What are the prime factors of 1431247?
17, 84191
List the prime factors of 4183052.
2, 1045763
List the prime factors of 161534.
2, 17, 4751
What are the prime factors of 499541?
7, 71363
What are the prime factors of 13192279?
13192279
What are the prime factors of 1016825?
5, 89, 457
What are the prime factors of 2118982?
2, 17, 62323
What are the prime factors of 367355?
5, 73471
What are the prime factors of 262836?
2, 3, 7, 149
List the prime factors of 741635.
5, 23, 6449
List the prime factors of 232636.
2, 19, 3061
List the prime factors of 4433518.
2, 2216759
List the prime factors of 126560.
2, 5, 7, 113
What are the prime factors of 3351147?
3, 47, 23767
List the prime factors of 4797495.
3, 5, 35537
List the prime factors of 292162.
2, 13, 17, 661
What are the prime factors of 19771?
17, 1163
What are the prime factors of 1797084?
2, 3, 49919
What are the prime factors o